 17. Let a(p) = 4*k(p) - 9*w(p). Give a(-4).
-8
Let t = 9 - 14. Let h = 4 + t. Let y(d) = -4*d**2 + d + 1. Calculate y(h).
-4
Let f(a) = -5*a - 1. Let s(z) = 7*z - 5. Let k(g) = -g + 1. Let n(t) = 5*k(t) + s(t). Let v(r) = 3*f(r) + 8*n(r). Suppose -j + 6*j = 15. Give v(j).
0
Let x(d) = d + 6. Suppose -2*k + 5*s = -6*k - 25, 2*k + 25 = -5*s. What is x(k)?
6
Let l(u) = u - u + 4*u - u. Let o(z) = -z**3 - 3*z**2 - z. Let b be o(-1). Calculate l(b).
-3
Let y(z) = z**2 - z - 1. Let r(t) = -3*t + 1 - 1 + 4*t**2 - 3 - 3*t. Let u(x) = -r(x) + 5*y(x). Calculate u(-2).
0
Let a(w) = w**3 + 4*w**2 - w - 4. Let q = -23 + 26. Suppose 3*n + 27 = q*j, 3*j = n + 19 - 0. Calculate a(n).
0
Let l(h) = -h + 1. Suppose 0 = 3*q + 4 + 5. Determine l(q).
4
Suppose -h + 1 = -4. Let l(v) = v**3 + 4*v**2 - 5*v + 1. Let x(t) = -4*t**3 - 11*t**2 + 14*t - 2. Let o(a) = 7*l(a) + 2*x(a). What is o(h)?
-7
Suppose 0 = 2*g + 3 - 9. Let s(x) be the second derivative of -1/6*x**g + 0 - 1/12*x**4 + 3/2*x**2 - x. Give s(-4).
-9
Let f(q) = -q**3 + 5*q**2 - 3*q - 3. Suppose 20 = 2*u + 5*j, 2*u = -2*u - 2*j + 40. Let y be (6/u)/((-8)/(-40)). Determine f(y).
6
Let w be (-60)/(-21) - (-1)/7. Let b(q) = -2*q - 3*q**2 + 7 - 5 - q**3 + 2*q**w. Determine b(2).
-6
Let l be 42/4*(-12)/(-18). Let u = -6 + l. Let d(a) = -2*a + 1. What is d(u)?
-1
Let y be 1287/(-216) + -2 + 8. Let b(v) be the third derivative of -5*v**2 + 0*v - y*v**4 + 1/6*v**3 + 0. What is b(1)?
0
Let r(z) be the second derivative of -5*z**4/24 - z**3/3 + 3*z**2/2 + 3*z. Let a(m) be the first derivative of r(m). Determine a(-3).
13
Let a = -1 + 8. Let h(v) = 6 - v + 4 + 0*v. Let b be h(a). Let n(k) = k**2 - 3*k - 3. Calculate n(b).
-3
Let c(q) be the second derivative of q**4/12 - 5*q**3/6 + q**2 + 2*q. Suppose h - 5*s - 2 = 5*h, 5*h - 5*s - 20 = 0. Let g be 8/4*4/h. What is c(g)?
-2
Let u = -9 + 13. Let c(q) be the first derivative of -q**2/2 - q - 15. Give c(u).
-5
Suppose -25 + 5 = 4*h + i, -4*h - 32 = -2*i. Let z(r) = r**2 + 6*r - 6. Calculate z(h).
-6
Suppose -3 = 2*a + 1. Let q(v) be the first derivative of 2*v**3/3 + v**2/2 - v - 23. Determine q(a).
5
Let z = 4 + -6. Let v(b) = 2*b**2 + 3*b - 1. Let q = -18 + 15. Let x(y) = 2*y**2 + 4*y - 2. Let f(j) = q*x(j) + 4*v(j). Give f(z).
10
Suppose 0*s + 3*s - 18 = 0. Let a(k) = -7*k**2 + 13*k - 10. Let r(t) = 13*t**2 - 25*t + 19. Let w(p) = 11*a(p) + 6*r(p). Give w(s).
-2
Let h(s) be the first derivative of s**3/3 - 7*s**2/2 + 9*s + 5. Let g be h(6). Let z(o) be the first derivative of 3*o**2/2 + 2*o + 1. What is z(g)?
11
Let m(y) = -y**2 - 2*y + 31. Let t be m(-7). Let d(x) = x**3 + 4*x**2 + x. Determine d(t).
-4
Let s(q) = -q - 4. Let i(b) be the first derivative of -b**3/3 + b**2/2 - 1. Let p be i(2). Give s(p).
-2
Let n = -20 - -8. Let j be (7 + -1)*(-6)/n. Suppose -4*l + j*l - 5 = 0. Let r(a) = -a - 5. Determine r(l).
0
Let p(o) = o**3 - 8*o**2 + 3*o. Let f(v) = 2*v**3 - 15*v**2 + 5*v - 1. Let y(r) = -4*f(r) + 7*p(r). Calculate y(5).
-16
Suppose 4*k - 36 - 8 = 0. Suppose 5*i = -3*l + 11, -2 = 3*l + 3*i - k. Let a(m) = 3*m**2 - 1 + m - m + 0 - m. What is a(l)?
9
Let x(s) = s + 4. Suppose 14 = 3*w + 122. Let m be (w/4)/(6/4). Give x(m).
-2
Let h = 57 - 54. Let w(s) = 6*s. Give w(h).
18
Let c be 1/((6/2)/51). Suppose 2*l + 4 = 5*r, -4*r + 5*l - c = -5*r. Let t(k) = -2 + 4*k - 3*k + k**3 - 2*k**2 + 4. Determine t(r).
4
Let f = 3 - 0. Suppose i + 5*r - 18 + f = 0, 5*i = r + 23. Let g(t) = -t**3 + 5*t**2 + t - 3. Determine g(i).
2
Let f(q) = -q**3 + 5*q**2 - q - 3. Let j(h) = -2*h**2 + 3*h + 1. Let l be j(3). Let i = l + -1. Let d = 14 + i. What is f(d)?
-8
Let t(b) be the second derivative of b**4/4 + b**2/2 + 2*b. Let g be (3 - (4 - -2)) + 2. Determine t(g).
4
Let t(x) be the third derivative of -x**7/2520 + x**6/360 - x**5/20 + 2*x**2. Let s(q) be the third derivative of t(q). What is s(-4)?
10
Let n(b) = 0*b**3 + 0 - 3*b**3 + 3 + 2*b**3. Let q be (2 - (2 - 0))/2. Suppose 0*h + 3*h = q. Determine n(h).
3
Let h(z) = 6*z**3 - 2*z + 3 - 5*z**3 + 4*z**2 - 2 + 3*z. Suppose -9 - 3 = 4*b. Give h(b).
7
Let n(d) = -2*d + 10. Let q(r) = -r**3 - 23*r**2 - 2*r - 39. Let i be q(-23). Give n(i).
-4
Let s(d) = -d - 2. Let m be (-1 + 4 - 4)*-4. Give s(m).
-6
Let d(m) = -m**2 + 37*m - 7 - 29*m + 3. What is d(7)?
3
Let s = 11 + -8. Let r(w) = 8*w + 3. Let d(m) = 7*m + 2. Let z(v) = 6*d(v) - 5*r(v). Calculate z(s).
3
Let a = 22 + -16. Suppose -d + 4*d = a. Let n(x) = -3*x**2 + 3*x - 2. Give n(d).
-8
Let j(i) = -4 + i - 5*i**2 + 6*i**2 + 3 - 5*i. Calculate j(4).
-1
Let b be (-2)/3 - (-55)/15. Suppose -b = j + 6. Let c be 2*(j/2 - -2). Let w(x) = -x**2 - 5*x - 1. What is w(c)?
-1
Let p(x) = x - 2. Suppose 0 = 3*d + 2*d - 10. Suppose -7*n + 25 = -d*n. Give p(n).
3
Let q(w) = w**3 + 3*w**2 - 6*w - 2. Let j be (4/5)/((-1)/(-5)). Let v be (3/(-6)*-1*6)/(-1). Let p be j/(-10)*(13 + v). What is q(p)?
6
Let k(n) = n - 1. Let b(w) = -4*w + 4. Let s(t) = 2*b(t) + 7*k(t). Give s(-3).
4
Let d(t) = 3*t**3 - t**2. Suppose 2*p - 1 = 3, 4*p = 2*s + 10. Determine d(s).
-4
Let x(q) = 7*q + 13. Let k(m) = m + 1. Let w(d) = 6*k(d) - x(d). Calculate w(-9).
2
Let q(i) = 5*i**2 + 1. Let u(m) = -14*m**2 - 3. Let z(k) = 11*q(k) + 4*u(k). Give z(-3).
-10
Suppose -2*d + 4 = -0*d. Let s(n) = n**3 - n**2 - n + 1. Let y(i) = 5*i**3 - 8*i**2 - 2*i + 4. Let u(b) = -4*s(b) + y(b). What is u(d)?
-4
Let f(m) be the first derivative of -m**4/4 + m**3/3 - 2*m - 2. Determine f(2).
-6
Let y(g) be the first derivative of -g**3/3 + 4*g**2 - 9*g - 53. What is y(6)?
3
Let c be (0 - 1)/(16 + -17). Let i be ((-1 + 2)*-7)/c. Let y(h) = -h**2 - 6*h + 5. Determine y(i).
-2
Let s(l) = l**3 + 7*l**2 + 3*l + 10. Suppose 56 = -5*k + 21. Calculate s(k).
-11
Let y(o) be the third derivative of -o**5/60 - o**4/12 - o**3/6 + 6*o**2. Determine y(-4).
-9
Let i(v) = -1 + 0 + 2 - v + 1. Let g be i(1). Suppose 0 = -x - 6 + g. Let j(a) = -a**2 - 5*a + 1. Give j(x).
1
Let m(x) = -2*x**2 + 2*x - 2. Let c(t) = 5*t**2 - 6*t + 5. Let j(r) = -3*c(r) - 8*m(r). Give j(-4).
9
Let v(i) = i - 1. Suppose -5*m + 2*m = -12, -4*z + 16 = 3*m. Give v(z).
0
Let y(u) = u**3 + 6*u**2 - 2*u - 9. Suppose -5*g = 3*r - g + 10, 0 = -3*r + 5*g - 28. Give y(r).
3
Let b(i) = i**3 + i**2 - 3*i + 3. Let q be 8 + -10 + -3 + 2. What is b(q)?
-6
Let m be 0 + 2 - 6/1. Let f(t) = t**2 + 3*t + 2. Calculate f(m).
6
Let f(h) = 500*h**2 - 2 + h**3 - 490*h**2 - 5 + 7*h. Determine f(-9).
11
Let s(w) = -7 + 0 + 3 + 3*w**2 - 2*w**2. Let o be 0*((-10)/(-6) - 2). Determine s(o).
-4
Let c(n) be the first derivative of -2*n**5/15 + n**4/24 + 4*n**2 + 10. Let g(l) be the second derivative of c(l). Determine g(1).
-7
Let f(o) = 274*o**3 + 2*o**2 - 273*o**3 + 5*o**2 + 6 + 2*o. What is f(-7)?
-8
Let w(a) = 3*a**2 + 11*a - 8. Let o(n) = 2*n**2 + 10*n - 7. Let t(c) = -4*o(c) + 3*w(c). What is t(7)?
4
Let o(x) = 5*x**3 + x**2 + 5*x - 1. Let j(v) = -6*v**3 - v**2 - 6*v + 1. Let r(f) = -6*j(f) - 7*o(f). Let h = -131 + 131. Determine r(h).
1
Let i(l) be the first derivative of -l**2/2 + 12*l + 4. Determine i(0).
12
Let c(g) be the first derivative of -1/3*g**3 - 6*g + 5 - 7/2*g**2. Let i = 0 + -4. Give c(i).
6
Let c(b) = b**2 + 5*b - 1. Suppose 4*r = -o + 16, 4*o = 2*r - 30 + 4. Give c(o).
-5
Suppose v = 2 + 3. Let n(u) = u - 3. Calculate n(v).
2
Let f(d) be the second derivative of d**4/24 + 4*d**3/3 + d**2 - 2*d. Let w(s) be the first derivative of f(s). Let u be -7 - 2/(-4 - -2). What is w(u)?
2
Let m(u) = u**3 - 6*u**2 - 3*u + 18. Let t be m(6). Let f(h) = -3*h + 4*h - 14 + 4*h**3 - 3*h**3. What is f(t)?
-14
Let a(t) = -3*t. Let y(o) = o - 5. Let z be y(5). Suppose 0 = -l - 2*c - 1, -6*l + 5*c = -2*l - 9. Let v = z - l. Calculate a(v).
3
Let h(s) be the third derivative of -s**5/60 + s**4/24 + s**3/6 + s**2. Let k be 27/(3/(-6) - 1). Let n = -19 - k. Give h(n).
-1
Let z(b) = 2*b + 3. Let y(p) = 12*p**2 - p - 1. Let h be y(-1). Suppose -q - 3*q + h = 0. Suppose 0 = -u + 1 - q. Determine z(u).
-1
Let s = -6 - -12. Let r(d) = -d**2 + d + 7. Give r(s).
-23
Let f be -3 + -2 + (-3 - (-2 + 0)). Let d(h) = -3*h + 3 + 4*h + h + h**2 + 3*h. Give d(f).
9
Let b(p) = -p**3 + 4*p**2 + 3*p + 4. Let u = 54 - 49. Give b(u).
-6
Let l(z) = 16*z**3 + 2*z**2 - 1. Let r be 6*(-8)/(-96) + 3/(-2). Determine l(r).
-15
Let j(r)